1
Let j be (-1)/(-2*3/12). Let x = 2 - j. Suppose h - 3*h + 24 = x. Calculate the highest common factor of h and 108.
12
Suppose -87 = -5*o + 18. Suppose 5*m - 364 = o. What is the greatest common factor of 7 and m?
7
Suppose -q - 2 + 23 = 0. Let y = 73 + -66. What is the highest common divisor of q and y?
7
Suppose -2*y + 5*r = 3*y - 290, -281 = -5*y + 2*r. Let i = 78 + -56. Calculate the highest common factor of i and y.
11
Let k(c) = -4*c + 4. Let v(m) = -m + 8. Let d be v(4). Let y be k(d). Let t = 28 + y. Calculate the greatest common factor of 2 and t.
2
Let d(j) = j + 3. Let y = -2 - -2. Let k be d(y). Suppose -72 = -0*p - k*p. Calculate the greatest common factor of 216 and p.
24
Suppose -59 - 4 = -7*b. Let u = 61 - -2. What is the greatest common divisor of b and u?
9
Suppose -i = 2, -5*a + 2*i = -4*a - 6. Let r(n) = -n + 1 - a*n**2 - n**3 - 1. Let x be r(-2). Calculate the greatest common divisor of 14 and x.
2
Let d = -201 - -416. Calculate the greatest common divisor of d and 86.
43
Let i = -196 - -94. Let s = 212 + i. What is the highest common divisor of s and 10?
10
Let n be ((-8)/14)/(4/(-14)). Let d be n/(-8) - (-35)/(-20). Let f be 7 - (d + (3 - 3)). Calculate the greatest common divisor of 36 and f.
9
Let r(p) = 6*p - 1. Let x be r(1). Suppose a + 115 = -x*u + 279, -3*u + 112 = 4*a. Calculate the greatest common divisor of 48 and u.
16
Let d be 1 - 0 - 18/(-6). Suppose 0 = -d*t + 24 - 8. Suppose -z - u + 19 = 0, -40 = -t*z - 2*u + 40. What is the greatest common divisor of z and 7?
7
Suppose -m - h + 2*h + 117 = 0, -341 = -3*m + h. Let a be ((-36)/42)/((-1)/m). What is the greatest common divisor of a and 24?
24
Suppose 3*n = 3*t - n - 16, 3*n - 13 = -4*t. Suppose -50 = -r - t*r. What is the greatest common factor of 90 and r?
10
Suppose -3*c + y - 2 = 0, -5*c + 0*y + 20 = 3*y. Let f = 1 + c. Calculate the greatest common factor of f and 3.
1
Suppose 5*q - 7 = 8, 4*q = 4*p + 4. Suppose -4 - 2 = -p*l. What is the greatest common factor of 33 and l?
3
Let s(z) = -z**3 + 6*z**2 - 5*z. Let u be s(5). Let w = 0 - u. Suppose -2*h + 4 = -4*f, -2*h - 3*f = -w*f - 39. Calculate the greatest common factor of h and 8.
4
Let l(k) = -4*k**3 - 4*k**2 - 6*k - 2. Let v be l(-2). Calculate the greatest common factor of v and 65.
13
Suppose 2*h - 3 - 7 = 0. Let m = -109 + 149. What is the highest common divisor of h and m?
5
Let n be 54/2*3/9. Suppose 0 = -p - 0*p + 9. Calculate the highest common divisor of n and p.
9
Suppose c + 14 = l - 0*l, 4*l = 5*c + 57. Suppose -39 = -4*o + o. What is the greatest common factor of o and l?
13
Let h be -2*((-41)/3 - (-6)/9). What is the highest common factor of h and 13?
13
Let b = 3 + -2. Let g = 3 + 4. Calculate the greatest common factor of g and b.
1
Suppose -4*r = 4*j - 28, j + 2*r + 16 = 5*j. What is the greatest common divisor of j and 35?
5
Let g(x) = -4*x. Let p be g(1). Let j be (p/6)/(2/(-381)). Suppose -5*s + 420 = 4*a, a + 4*s - j = -33. Calculate the highest common divisor of 10 and a.
10
Suppose -4*r = 16, 0 = 5*v - 3*v - 3*r - 62. Calculate the highest common factor of v and 225.
25
Let u(o) = 8*o**2 - 2. Let r be u(2). Calculate the highest common divisor of 75 and r.
15
Suppose 2*q - 136 = q. Suppose -q = l - 5*l. Calculate the highest common divisor of l and 85.
17
Suppose 3*f - 6 = 9. Suppose -f*y + y + 200 = 0. Suppose 3*p - 4*h = 52, 3*h - 16 = -p + 10. What is the highest common divisor of p and y?
10
Let i(q) = -2*q**3 - 2*q**2 + 3*q + 2. Let d be i(-2). Calculate the highest common divisor of 4 and d.
4
Let s(n) = n + 7. Let p be s(-6). Let w = p - -9. What is the highest common factor of 50 and w?
10
Let q = 13 - 8. Suppose q*v - 28 = -13. Suppose v*n - 44 = n. Calculate the highest common divisor of n and 2.
2
Suppose 4*d + 354 = 1154. Suppose 2*u + a - 101 = 0, 46 = -3*u - 2*a + d. Calculate the greatest common divisor of 16 and u.
16
Let r = -5 - -8. Suppose 53 = a - 5*c, -4*c + c + 21 = a. Calculate the highest common divisor of r and a.
3
Suppose 0*d + 2*d - 126 = 0. Calculate the greatest common factor of 21 and d.
21
Let j(f) = 2*f - 5. Let u be j(4). Suppose u*k - 650 = -92. Let q be (-2)/7 - k/(-14). Calculate the highest common factor of 52 and q.
13
Suppose 5*v = 67 - 17. Calculate the highest common factor of v and 10.
10
Let j be 5*-1*(-3 + 2). Suppose -j*v + 6 = -24. Suppose -5*h + h = 5*s - 36, 3*h - 27 = -2*s. What is the highest common factor of v and h?
3
Suppose 2*c = x + 1, 0 = -4*x - 4*c + 9*c + 2. Suppose 2*s - 5*r + 37 = 6*s, -2*s = x*r - 19. What is the greatest common factor of s and 64?
8
Let f be (-3)/((-7)/14 + 1/6). Suppose 2*s = 4, 0 = 2*j + 5*s - 1 - 295. Let p be (-1)/(-2) - j/(-2). What is the greatest common divisor of p and f?
9
Let r(d) = d**3 + d**2 - d + 59. Let q be r(0). Suppose -20 = -a - 0*o - o, -3*a + q = 4*o. Calculate the highest common factor of 7 and a.
7
Suppose 4*g - 138 - 2 = 0. Calculate the highest common divisor of 280 and g.
35
Let v(r) = r + 9. Let w be v(6). Calculate the highest common factor of w and 135.
15
Let a(s) = s - 1. Suppose 3*w + 6 - 21 = 0. Suppose w*f = -5, -9 = -4*j + 3*f + 6. Let b be a(j). Calculate the greatest common divisor of b and 5.
1
Let j(l) = l**2 - 3. Let v be j(-6). Suppose 0 = -4*w - b + 12, 6 = w + b + 3. What is the highest common divisor of v and w?
3
Suppose -r - 1 + 6 = 0. Suppose r*a - 18 = 4*a. What is the highest common divisor of 2 and a?
2
Let q = -135 + 195. Calculate the greatest common divisor of 12 and q.
12
Let a(d) = -d**2 - 5*d - 1. Let c be a(-4). Suppose 0 = -c*h + 2*h + 7. Calculate the greatest common factor of 7 and h.
7
Suppose -3*s + 15 = 0, -7 + 31 = v + 4*s. Suppose 0 = 5*o + v*y - 592, -3*o - 2*y + 0*y + 354 = 0. What is the greatest common factor of 29 and o?
29
Let o(d) = -d**3 - d**2 - d. Let g be o(0). Suppose c + 3*z + 8 = g, 8*z + 11 = -4*c + 3*z. Calculate the highest common divisor of 4 and c.
1
Suppose 5*p = -2*n + 128, 0 = -0*n + 2*n - 3*p - 96. Calculate the highest common divisor of 6 and n.
6
Suppose 4*f = 2*f + 2*b + 32, -3*f - 3*b = -36. Let a(t) = -2*t + 34. Let g be a(10). What is the greatest common divisor of f and g?
14
Let z be 1/(1 + -2) - -31. Let a = -4 - 32. Let t = 56 + a. Calculate the highest common factor of t and z.
10
Suppose -7*b + 63 = -77. Calculate the highest common factor of 30 and b.
10
Let y = 23 + -6. What is the greatest common divisor of y and 17?
17
Let p be (-60)/(-35) + (-2)/(-7). Suppose p*c - 90 = -0*i - 2*i, -4*i = c - 60. Calculate the highest common factor of 8 and c.
8
Let p(t) = t + 1. Let w be p(7). Let z = 43 + -19. What is the greatest common divisor of z and w?
8
Suppose 3*d - 4*w + 8 = 0, 0 = d + 2*d + 4*w - 32. Calculate the highest common divisor of d and 32.
4
Suppose 18 + 822 = 10*r. Calculate the greatest common factor of r and 24.
12
Let o(k) = 2*k**2 + 2. Let g be o(3). What is the highest common divisor of 100 and g?
20
Let s be (-21)/(-6)*(0 - (-12)/6). Suppose -34 = -4*v + 78. What is the highest common divisor of v and s?
7
Let a be (-19 + 18)*(0 - 11). Calculate the greatest common divisor of a and 11.
11
Suppose -3*d = -182 + 74. Let o = 1 + -1. Suppose o = 2*j - 48 + 12. Calculate the greatest common divisor of d and j.
18
Suppose j - 6 = -j. Suppose -27 = -j*r + 5*d, -3*r = 2*r + 5*d - 5. Calculate the greatest common divisor of r and 6.
2
Let q = 17 - 12. Suppose q*u + 2*w = 110, -5*w + 90 = 4*u - 3*w. What is the greatest common factor of u and 10?
10
Let f(o) = -o**2 - 12*o - 10. Let y be f(-13). Let i = -17 - y. Calculate the greatest common factor of i and 4.
2
Suppose -2*p + 70 = -5*b, -3*p + 52 = -p + 4*b. Let x be (-12)/(-10)*(-15)/(-2). Let t be 86/18 + 2/x. What is the greatest common factor of p and t?
5
Let s(u) = 2*u**3 - 4*u**2 - 3*u - 2. Let k(l) = l**2 - 12*l + 15. Let i be k(11). Let j be s(i). Calculate the highest common divisor of j and 20.
10
Let h = 61 + 51. Let i(s) = 2*s - 2. Let b be i(2). Suppose -3*d + 36 = b*c, 2*d = -2*d - 2*c + 50. Calculate the greatest common divisor of d and h.
14
Let l be (0 - (-1)/(-2))*-534. Suppose -z = -t + 37, -74 = 4*t + 5*z - l. Calculate the greatest common factor of t and 14.
14
Let z(n) = -34*n - 2. Let p be z(-5). Suppose 9*h = 4*